mmon divisor of 92 and 575?
23
What is the highest common divisor of 49560 and 80?
40
What is the greatest common divisor of 9164 and 58?
58
What is the highest common factor of 1068 and 32307?
267
What is the highest common factor of 75 and 3075?
75
What is the greatest common divisor of 400 and 32?
16
Calculate the greatest common factor of 43 and 1591.
43
Calculate the highest common factor of 75 and 345.
15
Calculate the greatest common factor of 190 and 1558.
38
Calculate the greatest common divisor of 138 and 3381.
69
What is the greatest common factor of 10773 and 19?
19
Calculate the highest common factor of 14 and 37534.
14
What is the highest common divisor of 123 and 213?
3
What is the greatest common factor of 15 and 61?
1
Calculate the greatest common divisor of 52 and 13.
13
What is the highest common factor of 648 and 342?
18
What is the highest common factor of 528 and 825?
33
Calculate the highest common divisor of 19903 and 13.
13
What is the greatest common divisor of 156 and 6162?
78
What is the highest common divisor of 451 and 869?
11
Calculate the greatest common factor of 289 and 85.
17
What is the highest common factor of 1513 and 3471?
89
Calculate the highest common divisor of 33 and 450.
3
What is the greatest common divisor of 1130 and 10?
10
What is the greatest common divisor of 63 and 42?
21
Calculate the greatest common factor of 20104 and 56.
56
Calculate the greatest common factor of 1184 and 74.
74
What is the highest common factor of 182 and 112?
14
What is the greatest common factor of 11983 and 23?
23
Calculate the highest common factor of 91 and 21.
7
What is the greatest common factor of 192 and 24640?
64
What is the highest common divisor of 16 and 2384?
16
What is the highest common divisor of 3801 and 21?
21
What is the greatest common divisor of 3 and 71?
1
Calculate the greatest common factor of 84 and 273.
21
What is the highest common factor of 34 and 629?
17
What is the highest common divisor of 330 and 90?
30
Calculate the highest common factor of 648 and 1539.
81
Calculate the greatest common divisor of 126 and 378.
126
Calculate the greatest common factor of 17 and 32113.
17
Calculate the highest common divisor of 1633 and 46.
23
Calculate the greatest common divisor of 39 and 221.
13
Calculate the greatest common factor of 34 and 10.
2
Calculate the greatest common divisor of 3689 and 119.
119
Calculate the highest common factor of 25 and 1405.
5
Calculate the highest common factor of 320 and 1472.
64
Calculate the highest common divisor of 2345 and 737.
67
Calculate the highest common factor of 390 and 915.
15
What is the greatest common divisor of 16 and 218?
2
Calculate the highest common factor of 1035 and 369.
9
Calculate the greatest common factor of 455 and 70.
35
What is the highest common factor of 893 and 57?
19
Calculate the highest common divisor of 893 and 141.
47
What is the highest common divisor of 156 and 39?
39
What is the highest common divisor of 95 and 1064?
19
What is the highest common factor of 714 and 70?
14
What is the highest common divisor of 837 and 31?
31
What is the highest common divisor of 6864 and 780?
156
What is the highest common divisor of 38 and 7163?
19
Calculate the highest common factor of 51 and 952.
17
Calculate the highest common divisor of 36 and 348.
12
Calculate the greatest common factor of 5676 and 528.
132
Calculate the greatest common divisor of 258 and 12986.
86
Calculate the highest common divisor of 2369 and 23.
23
What is the highest common divisor of 3349 and 136?
17
Calculate the highest common divisor of 511 and 14.
7
What is the highest common factor of 55 and 5962?
11
Calculate the highest common divisor of 432 and 648.
216
Calculate the highest common divisor of 159 and 689.
53
What is the highest common factor of 148 and 814?
74
What is the greatest common factor of 8 and 36?
4
Calculate the greatest common factor of 108 and 1161.
27
Calculate the highest common divisor of 1716 and 208.
52
What is the highest common factor of 2497 and 11?
11
Calculate the highest common factor of 356 and 28.
4
Calculate the greatest common factor of 25 and 45.
5
Calculate the highest common divisor of 136 and 34.
34
Calculate the highest common divisor of 299 and 39.
13
What is the highest common factor of 15600 and 60?
60
What is the greatest common divisor of 120 and 3160?
40
Calculate the highest common divisor of 460 and 10764.
92
What is the highest common factor of 147 and 7959?
21
Calculate the greatest common divisor of 131 and 31309.
131
Calculate the highest common divisor of 2058 and 8526.
294
What is the greatest common factor of 344 and 215?
43
Calculate the greatest common factor of 49462 and 14.
14
What is the greatest common factor of 183 and 72?
3
Calculate the highest common divisor of 133 and 3.
1
Calculate the highest common factor of 896 and 56.
56
What is the greatest common divisor of 442 and 85?
17
What is the highest common factor of 32 and 116?
4
What is the greatest common divisor of 34263 and 141?
141
What is the greatest common divisor of 1269 and 18?
9
Calculate the highest common factor of 38046 and 102.
102
Calculate the highest common factor of 78 and 8229.
39
What is the greatest common factor of 2485 and 245?
35
Calculate the greatest common divisor of 6 and 426.
6
Calculate the highest common divisor of 92 and 621.
23
Calculate the highest common divisor of 315 and 45.
45
What is the greatest common factor of 1768 and 16?
8
Calculate the greatest common factor of 312 and 8.
8
What is the highest common divisor of 216 and 270?
54
Calculate the greatest common factor of 96 and 468.
12
Calculate the greatest common divisor of 10 and 1115.
5
What is the greatest common factor of 40 and 38980?
20
What is the highest common factor of 2425 and 25?
25
Calculate the greatest common divisor of 19 and 133.
19
Calculate the highest common factor of 160 and 50.
10
Calculate the highest common factor of 7826 and 546.
182
Calculate the greatest common factor of 609 and 6.
3
Calculate the highest common factor of 551 and 228.
19
What is the highest common factor of 290 and 30?
10
What is the greatest common factor of 52 and 936?
52
Calculate the greatest common divisor of 90 and 1098.
18
What is the greatest common divisor of 172 and 129?
43
What is the highest common factor of 322 and 14?
14
Calculate the highest common factor of 147 and 16611.
147
Calculate the highest common divisor of 253 and 138.
23
What is the highest common divisor of 1107 and 405?
27
What is the highest common factor of 32 and 6?
2
Calculate the greatest common factor of 64 and 376.
8
Calculate the greatest common factor of 667 and 207.
23
Calculate the highest common divisor of 7636 and 138.
46
What is the greatest common divisor of 810 and 1560?
30
Calculate the greatest common factor of 309 and 9.
3
Calculate the highest common factor of 414 and 153.
9
What is the highest common factor of 9 and 6?
3
Calculate the greatest common divisor of 105 and 462.
21
What is the greatest common factor of 99473 and 11?
11
What is the highest common divisor of 5794 and 2?
2
What is the greatest common factor of 12 and 52?
4
Calculate the highest common factor of 1853 and 170.
17
What is the greatest common divisor of 582 and 3298?
194
Calculate the greatest common divisor of 13784 and 8.
8
What is the greatest common factor of 729 and 6?
3
Calculate the greatest common divisor of 18623 and 11.
11
Calculate the greatest common factor of 40 and 10840.
40
Calculate the highest common divisor of 1473 and 3.
3
What is the highest common divisor of 45 and 720?
45
What is the greatest common divisor of 70 and 110?
10
What is the greatest common factor of 24 and 138?
6
Calculate the highest common factor of 555 and 370.
185
Calculate the greatest common divisor of 189 and 1953.
63
What is the highest common factor of 135 and 90?
45
Calculate the highest common divisor of 10 and 7.
1
Calculate the greatest common divisor of 1885 and 377.
377
What is the greatest common factor of 7 and 889?
7
What is the greatest common divisor of 1974 and 42?
42
What is the highest common divisor of 15 and 201?
3
Calculate the greatest common factor of 12 and 888.
12
Calculate the gr